((3840/18)/4)/(17/1683)?
2, 3, 5, 11
Suppose -2*j + 1 = -5*x, x - 2*x + 18 = -3*j. Let y(c) = 43*c - 19. Let d be y(j). Let v = d + 487. What are the prime factors of v?
167
Let r(m) be the second derivative of m**6/80 + 3*m**5/40 + 3*m**4/4 - 3*m. Let l(o) be the third derivative of r(o). What are the prime factors of l(5)?
2, 3
Let v be (1440/140)/((-4)/(-42)). List the prime factors of (-37 + -12)*v/21*-1.
2, 3, 7
Suppose -5*b = -69*z + 67*z - 4284, -2*b = 4*z - 1704. Suppose -b = -h + 2*y, -h - 3*y + 499 = -347. List the prime factors of h.
2, 3, 71
Suppose 0 = 7*n + 4*q - 119186, 3*n - 47*q = -52*q + 51106. List the prime factors of n.
2, 3, 2837
Let i = 8204 + -1474. What are the prime factors of i?
2, 5, 673
Let m(g) = g**2 + 3*g + 89. Let s be 2*((-3)/(-2))/3. Let v be 0 - s - (-1 - 0). What are the prime factors of m(v)?
89
Suppose 15*z - 1 = 14. Suppose 5*n - 190 = 5*y, 3*n - 4*y - z - 118 = 0. What are the prime factors of n?
3, 11
Suppose 4*f = 2106 + 1138. Let d = -439 + f. List the prime factors of d.
2, 3, 31
Let b = -16051 + 21929. What are the prime factors of b?
2, 2939
Suppose 5*y - 4840 - 1575 = 0. Suppose 2*h - 1213 - y = 0. What are the prime factors of h?
2, 3, 13
Suppose 0 = -m - 55 - 38. Let z = m + 80. List the prime factors of (-1818)/z + (-8)/(-52).
2, 5, 7
Suppose -3*d - f + 12 = 3, -4*f + 3 = d. Suppose h = 5*t + 224, -6*t = 5*h - d*t - 1148. List the prime factors of h.
229
Let u = -3298 - -3322. List the prime factors of u.
2, 3
Let d = 9744 + -7799. What are the prime factors of d?
5, 389
Suppose 5*w = -736 - 1519. Let m = w + 763. Suppose -4*o + 20 = -m. What are the prime factors of o?
83
Suppose -3*g = -41 + 41. Suppose 0 = 5*t - g*t - 1200. Let u = t + -98. What are the prime factors of u?
2, 71
Suppose 8444 = -4*q + 2*y, 3*q = 3*y - 7*y - 6333. Let i = q - -3723. List the prime factors of i.
2, 13, 31
Let o be ((-1)/2)/(17/3264). Let m be (o/10)/(5/(-25)). Let k = 260 + m. List the prime factors of k.
2, 7, 11
Let i(n) = -45*n - 7. Let p(z) = -45*z - 8. Let w(s) = 3*i(s) - 4*p(s). Let x be w(3). Suppose 94 + x = 4*l. List the prime factors of l.
2, 3, 5
Let g(a) = 2*a**3 - 15*a**2 - 7*a - 8. Let z be g(8). Suppose z = 5*v - 6*v + 44. Let d = 72 - v. List the prime factors of d.
2, 7
Suppose 4*u - 40 = 8*u. Let j = -14 - -9. Let o = j - u. What are the prime factors of o?
5
Let i(u) be the third derivative of -1/120*u**6 + 1/6*u**4 + 2/15*u**5 - 1/3*u**3 + 0*u + 9*u**2 + 0. What are the prime factors of i(6)?
2, 47
Suppose 3*q - 4 = 4*f, -2*f + f + 3*q - 10 = 0. Suppose f*u - 307 = 4*c + 101, 0 = -2*c. List the prime factors of u.
2, 3, 17
Let j(g) = 2*g**3 + 25*g**2 + 71*g - 52. What are the prime factors of j(23)?
2, 5, 19, 103
Let l = 7601 - 3310. List the prime factors of l.
7, 613
Let d(m) = -32*m - 1. Let u = 14 + -9. Let l(f) = -16*f. Let v(a) = u*l(a) - 2*d(a). What are the prime factors of v(-11)?
2, 89
Suppose 5*h - 112*y - 238 = -109*y, 0 = 4*h + 5*y - 146. Let g be (1/2)/(2/(-292)). Let q = h - g. What are the prime factors of q?
3, 13
Suppose -4*r + 4 = 0, -4*n + 7*n - 3*r = -144. Let o = -43 - n. Suppose -o*y = -d + 158, 9*y = d + 4*y - 157. List the prime factors of d.
2, 3
Suppose -68*p + 12*p + 363456 = -38*p. List the prime factors of p.
2, 631
Suppose c + 5*d + 15 = 0, 0 = -2*c - d - 61 - 5. Let k(f) = -f**3 - 33*f**2 + 46*f - 96. List the prime factors of k(c).
2, 3, 31
Let s(k) = k**3 + 4*k**2 - 3*k - 16. Let m be s(-3). What are the prime factors of (-8)/(-40) - (35034/(-15))/m?
2, 73
Let q = -14063 - -21096. What are the prime factors of q?
13, 541
Let f be (-6)/(-4)*(2 + 4 + -2). Let i be (0 + 4/f)/((-7)/(-84)). Suppose i*a - 140 = 7*a. List the prime factors of a.
2, 5, 7
Let d(y) = 45*y**2 + 17*y - 613. What are the prime factors of d(-16)?
3, 5, 709
Let z(p) = 5*p**3 - 173*p**2 - 69*p + 14. What are the prime factors of z(38)?
2, 5, 1097
Suppose 1128 = 3*k + v, -k + 45*v = 44*v - 376. Suppose 0 = -k*f + 372*f + 4924. List the prime factors of f.
1231
Let x = -70 + 76. Suppose 3*n = x*n - 1065. What are the prime factors of n?
5, 71
Suppose 0 = -6*p + 9*p. Let t be p*5/(-20) + -2556. What are the prime factors of (-4)/(64/t) + 1/4?
2, 5
Suppose 137*t - 4*t = 565117. List the prime factors of t.
7, 607
Suppose 3*h + 2 = -2*p - 0, 23 = -2*h + 3*p. Let o be h + 6 + (357 - -2). Suppose -135 = -4*v + o. List the prime factors of v.
2, 31
Let y(w) = 2*w**3 - 5*w**2 - 3*w + 9512. List the prime factors of y(0).
2, 29, 41
Let c be ((-35)/(-15) + -3)*801. Let x = c - -1011. What are the prime factors of x?
3, 53
Suppose 0*c + 204 = -3*c. Let y be (-35 + 34)/(1/2). What are the prime factors of (c + -1 + y)*-1?
71
Suppose 4*p - 1 = 4*j + 3, -17 = p + 5*j. List the prime factors of (-1 - p)/((-3)/(-1557)) - 4.
5, 103
Let b(u) = -13*u + 10. Let j(z) = 26*z - 20. Let w(t) = 7*b(t) + 3*j(t). Suppose -3 - 13 = 2*y. What are the prime factors of w(y)?
2, 3, 19
Suppose 4*g - 277 = -0*g + 3*k, -g + 98 = 5*k. Suppose -g*o = -76*o + 369. What are the prime factors of o?
3, 41
Suppose -89382 = -4*h - z, 3*h = -4*z + 7*z + 67029. What are the prime factors of h?
5, 41, 109
Suppose -5*o - 2*c + 23 = 0, 0 = -c - 1. Suppose -r + 57 = 2*f, 0*r - o*r + 345 = -2*f. Let k = r - 29. List the prime factors of k.
2, 19
Let x(f) = -f**3 - 350*f + 698*f + 2 - 364*f + 19*f**2. Suppose -40 = -5*q + 50. What are the prime factors of x(q)?
2, 19
Suppose 0 = -5*r - z + 35, 2*r = 6*z - 2*z + 14. Suppose 0 = 3*j - 5*x + 235, -160 = 2*j + x - 5*x. Let a = r - j. List the prime factors of a.
7, 11
Suppose -k - 5*r + 60393 = 0, r + 236932 = 3*k + 55753. List the prime factors of k.
3, 41, 491
Let c = 3289 + 49610. List the prime factors of c.
3, 7, 11, 229
Suppose -19*y + 17 = -40. Suppose -4*t + 4*v + 666 = t, y*t - 370 = -5*v. What are the prime factors of t?
2, 5, 13
Let f = 73656 + -38059. What are the prime factors of f?
35597
Let a(n) = 122*n**2 + 266*n**2 + 8 - 11*n + 2*n. What are the prime factors of a(1)?
3, 43
Let m(c) be the first derivative of c**2 + 1/3*c**3 - 7*c + 20. List the prime factors of m(-8).
41
Let y = 134 + -133. Let s(q) = -44*q - 10 - 4 - 63*q - y. List the prime factors of s(-2).
199
Let w = 9 + -2. Suppose -12*k - 55 = -w*k. Let h(r) = -8*r - 4. What are the prime factors of h(k)?
2, 3, 7
Let l(f) = 2*f**3 - 20*f**2 - 57*f + 21. List the prime factors of l(19).
2, 3, 151
Let u(a) = 6*a**3 + 15*a**2 + 7*a - 10. Let s be u(-6). Let b = -2 - 6. What are the prime factors of 2/b + s/(-32)?
5
Let g = -4372 + 8887. Let i = -3067 + g. List the prime factors of i.
2, 181
Let f = -784 + 1145. Suppose -373*b + f*b + 60 = 0. What are the prime factors of b?
5
Let a(w) = -12*w + 4*w**2 + 6*w - 12 - 7 + 1. List the prime factors of a(-6).
2, 3
Suppose -8*l - 64 = -9*l. Suppose -3*x - 2*u = -34, -5*x + 4*u + l = -0. Suppose -x*s - 3*s + 840 = 0. What are the prime factors of s?
2, 7
Let t = 588 + -359. Let d = t - 103. List the prime factors of d.
2, 3, 7
Suppose -u - 5*s = -10*s - 19686, -4*u - 5*s + 78594 = 0. List the prime factors of u.
2, 3, 7, 13
Suppose 0*v = -v - 15. Let a(q) be the second derivative of -q**4/12 - 8*q**3/3 - q**2/2 + 939*q + 1. What are the prime factors of a(v)?
2, 7
Let f(j) be the second derivative of 7/2*j**2 + 0 - 7/6*j**3 - 16*j. List the prime factors of f(-4).
5, 7
Suppose 189 + 15 = -4*o. Let b = -51 - o. Suppose -10*z = -b*z - 720. List the prime factors of z.
2, 3
Let v = 108096 - 75337. What are the prime factors of v?
17, 41, 47
Let a be 6 - (1/1 + 2). Let c be (-4)/(-8) - (-1 - a/2). Suppose -c*k + 7 = -284. List the prime factors of k.
97
Suppose -5*r - 3*o = -102090, -8*r - 40836 = -10*r + o. What are the prime factors of r?
2, 3, 41, 83
Suppose 892 = -5*o + 917. Suppose -1442 = -l - 3*q - q, -o*l - 2*q = -7138. List the prime factors of l.
2, 23, 31
Let s(u) be the third derivative of u**5/30 - u**4/12 - u**3/2 - 80*u**2. Let g(m) = m**2 + 12*m + 5. Let p be g(-12). List the prime factors of s(p).
37
Let s be ((-1)/(14/48))/(4/(-14)). What are the prime factors of (-1842)/(-3) - -15*(-4)/s?
3, 7, 29
Let k(a) = 4*a**2 - 19*a - 48. Suppose 5*n = -4*z + 91, -4*z + 9*n = 10*n - 79. List the prime factors of k(z).
3, 5, 23
Let r(m) = -m**3 + 10*m**2 + 9*m + 5. Let y b